{"id":175,"date":"2018-12-12T20:46:35","date_gmt":"2018-12-12T20:46:35","guid":{"rendered":"http:\/\/lecuc.ch\/v4\/?page_id=175"},"modified":"2026-03-23T18:03:04","modified_gmt":"2026-03-23T18:03:04","slug":"chambre-type","status":"publish","type":"page","link":"https:\/\/lecuc.ch\/index.php\/chambre-type\/","title":{"rendered":"Chambre type"},"content":{"rendered":"\nngg_shortcode_0_placeholder\n\n\n<p>&nbsp;<\/p>\n<p><span style=\"color: #000000;\">Voici le mobilier type des chambres :<\/span><\/p>\n<p><span style=\"color: #000000;\"><img loading=\"lazy\" decoding=\"async\" class=\"wp-image-192 alignleft\" src=\" http:\/\/lecuc.ch\/v4\/ wp-content\/uploads\/2018\/12\/bureau-1-e1544648654373-300x179.jpg\" alt=\"\" width=\"218\" height=\"130\" srcset=\"https:\/\/lecuc.ch\/v4\/wp-content\/uploads\/2018\/12\/bureau-1-e1544648654373-300x179.jpg 300w, https:\/\/lecuc.ch\/v4\/wp-content\/uploads\/2018\/12\/bureau-1-e1544648654373.jpg 567w\" sizes=\"auto, (max-width: 218px) 100vw, 218px\" \/><img loading=\"lazy\" decoding=\"async\" class=\" wp-image-181 alignleft\" src=\" http:\/\/lecuc.ch\/v4\/ wp-content\/uploads\/2018\/12\/chaise-300x200.jpg\" alt=\"\" width=\"239\" height=\"159\" srcset=\"https:\/\/lecuc.ch\/v4\/wp-content\/uploads\/2018\/12\/chaise-300x200.jpg 300w, https:\/\/lecuc.ch\/v4\/wp-content\/uploads\/2018\/12\/chaise-768x512.jpg 768w, https:\/\/lecuc.ch\/v4\/wp-content\/uploads\/2018\/12\/chaise.jpg 900w\" sizes=\"auto, (max-width: 239px) 100vw, 239px\" \/><\/span><\/p>\n<p><span style=\"color: #000000;\"><img loading=\"lazy\" decoding=\"async\" class=\"alignnone wp-image-1036 size-full\" src=\"https:\/\/an8lhbcero.preview.infomaniak.website\/wp-content\/uploads\/2024\/02\/etagere.png\" alt=\"\" width=\"225\" height=\"134\"><img loading=\"lazy\" decoding=\"async\" class=\"alignnone  wp-image-177\" src=\" http:\/\/lecuc.ch\/v4\/ wp-content\/uploads\/2018\/12\/lit-300x200.jpg\" alt=\"\" width=\"231\" height=\"154\" srcset=\"https:\/\/lecuc.ch\/v4\/wp-content\/uploads\/2018\/12\/lit-300x200.jpg 300w, https:\/\/lecuc.ch\/v4\/wp-content\/uploads\/2018\/12\/lit-768x512.jpg 768w, https:\/\/lecuc.ch\/v4\/wp-content\/uploads\/2018\/12\/lit.jpg 900w\" sizes=\"auto, (max-width: 231px) 100vw, 231px\" \/><\/span><\/p>\n<p style=\"text-align: left;\">&nbsp;<\/p>\n<p><span style=\"color: #000000;\"><br><img loading=\"lazy\" decoding=\"async\" class=\" wp-image-180 alignleft\" src=\" http:\/\/lecuc.ch\/v4\/ wp-content\/uploads\/2018\/12\/poubelle-300x200.jpg\" alt=\"\" width=\"263\" height=\"175\" srcset=\"https:\/\/lecuc.ch\/v4\/wp-content\/uploads\/2018\/12\/poubelle-300x200.jpg 300w, https:\/\/lecuc.ch\/v4\/wp-content\/uploads\/2018\/12\/poubelle-768x512.jpg 768w, https:\/\/lecuc.ch\/v4\/wp-content\/uploads\/2018\/12\/poubelle.jpg 900w\" sizes=\"auto, (max-width: 263px) 100vw, 263px\" \/><img loading=\"lazy\" decoding=\"async\" class=\"wp-image-534 alignleft\" src=\" http:\/\/lecuc.ch\/v4\/ wp-content\/uploads\/2020\/11\/frigo_chambre-300x300.jpg\" alt=\"\" width=\"198\" height=\"198\" srcset=\"https:\/\/lecuc.ch\/v4\/wp-content\/uploads\/2020\/11\/frigo_chambre-300x300.jpg 300w, https:\/\/lecuc.ch\/v4\/wp-content\/uploads\/2020\/11\/frigo_chambre-1024x1024.jpg 1024w, https:\/\/lecuc.ch\/v4\/wp-content\/uploads\/2020\/11\/frigo_chambre-150x150.jpg 150w, https:\/\/lecuc.ch\/v4\/wp-content\/uploads\/2020\/11\/frigo_chambre-768x768.jpg 768w, https:\/\/lecuc.ch\/v4\/wp-content\/uploads\/2020\/11\/frigo_chambre-1536x1536.jpg 1536w, https:\/\/lecuc.ch\/v4\/wp-content\/uploads\/2020\/11\/frigo_chambre-1080x1080.jpg 1080w, https:\/\/lecuc.ch\/v4\/wp-content\/uploads\/2020\/11\/frigo_chambre.jpg 1600w\" sizes=\"auto, (max-width: 198px) 100vw, 198px\" \/> <img loading=\"lazy\" decoding=\"async\" class=\"alignnone  wp-image-179\" src=\" http:\/\/lecuc.ch\/v4\/ wp-content\/uploads\/2018\/12\/lampe-300x200.jpg\" alt=\"\" width=\"314\" height=\"209\" srcset=\"https:\/\/lecuc.ch\/v4\/wp-content\/uploads\/2018\/12\/lampe-300x200.jpg 300w, https:\/\/lecuc.ch\/v4\/wp-content\/uploads\/2018\/12\/lampe-768x512.jpg 768w, https:\/\/lecuc.ch\/v4\/wp-content\/uploads\/2018\/12\/lampe.jpg 900w\" sizes=\"auto, (max-width: 314px) 100vw, 314px\" \/> <img loading=\"lazy\" decoding=\"async\" class=\"alignnone size-medium wp-image-186\" src=\" http:\/\/lecuc.ch\/v4\/ wp-content\/uploads\/2018\/12\/chambretypesupp-200x300.jpg\" alt=\"\" width=\"200\" height=\"300\" srcset=\"https:\/\/lecuc.ch\/v4\/wp-content\/uploads\/2018\/12\/chambretypesupp-200x300.jpg 200w, https:\/\/lecuc.ch\/v4\/wp-content\/uploads\/2018\/12\/chambretypesupp.jpg 600w\" sizes=\"auto, (max-width: 200px) 100vw, 200px\" \/> <img loading=\"lazy\" decoding=\"async\" class=\"size-medium wp-image-184 alignleft\" src=\" http:\/\/lecuc.ch\/v4\/ wp-content\/uploads\/2018\/12\/crochet-300x200.jpg\" alt=\"\" width=\"300\" height=\"200\" srcset=\"https:\/\/lecuc.ch\/v4\/wp-content\/uploads\/2018\/12\/crochet-300x200.jpg 300w, https:\/\/lecuc.ch\/v4\/wp-content\/uploads\/2018\/12\/crochet-768x512.jpg 768w, https:\/\/lecuc.ch\/v4\/wp-content\/uploads\/2018\/12\/crochet.jpg 900w\" sizes=\"auto, (max-width: 300px) 100vw, 300px\" \/> <\/span><\/p>\n<p><span style=\"color: #000000;\"><img loading=\"lazy\" decoding=\"async\" class=\"alignnone  wp-image-178\" src=\" http:\/\/lecuc.ch\/v4\/ wp-content\/uploads\/2018\/12\/cable-300x200.jpg\" alt=\"\" width=\"320\" height=\"213\" srcset=\"https:\/\/lecuc.ch\/v4\/wp-content\/uploads\/2018\/12\/cable-300x200.jpg 300w, https:\/\/lecuc.ch\/v4\/wp-content\/uploads\/2018\/12\/cable-768x512.jpg 768w, https:\/\/lecuc.ch\/v4\/wp-content\/uploads\/2018\/12\/cable.jpg 900w\" sizes=\"auto, (max-width: 320px) 100vw, 320px\" \/><\/span><\/p>\n<p><span style=\"color: #000000;\"><strong>CHAMBRES<\/strong><\/span><br><span style=\"color: #000000;\">Les 35 chambres sont individuelles et font l\u2019objet d\u2019un service de nettoyage et blanchisserie pour les essuie-mains, serviettes de bain et les draps de lits.<\/span><\/p>\n<ul>\n<li><span style=\"color: #000000;\">Surface : ~ de 8 \u00e0 17 m2<\/span><\/li>\n<li><span style=\"color: #000000;\">Meubl\u00e9e<\/span><\/li>\n<li><span style=\"color: #000000;\">WIFI<\/span><\/li>\n<li><span style=\"color: #000000;\">Lavabo individuel<\/span><\/li>\n<li><span style=\"color: #000000;\">Salles de bain et WC partag\u00e9s par \u00e9tage et nettoy\u00e9s r\u00e9guli\u00e8rement<\/span><\/li>\n<li><span style=\"color: #000000;\">Cuisine commune<\/span><\/li>\n<li><span style=\"color: #000000;\">Parc \u00e0 v\u00e9lo ext\u00e9rieur<\/span><\/li>\n<li><span style=\"color: #000000;\">Petit frigo dans chaque chambre<\/span><\/li>\n<\/ul>\n<p><span style=\"color: #000000;\"><strong>TARIFS<\/strong><\/span><\/p>\n<ul>\n<li><span style=\"color: #000000;\">Les loyers (avec charges) de toutes les chambres se situent entre 525 CHF et 635 CHF. Ces montants ne prennent pas en compte la taxe de s\u00e9jour de 37 CHF\/mois (exon\u00e9ration possible pour les \u00e9tudiants b\u00e9n\u00e9ficiaires d&rsquo;une bourse d&rsquo;\u00e9tudes ou qui exercent une activit\u00e9 lucrative accessoire)&nbsp;<\/span><\/li>\n<li><span style=\"color: #000000;\">Garantie de loyer: 3 fois le loyer net ou une caution de 100 CHF par ann\u00e9e approximativement (Swisscaution\/Firstcaution)&nbsp;<\/span><\/li>\n<li><span style=\"color: #000000;\">Bail minimum 1 an. Possibilit\u00e9 de renouveler jusqu\u2019\u00e0 4 ans maximum.&nbsp;<strong>ATTENTION : les inscriptions ne sont pas syst\u00e9matiquement reconduites d\u2019une ann\u00e9e \u00e0 l\u2019autre. Pour une nouvelle ann\u00e9e universitaire au sein du foyer, vous devrez donc refaire une demande et envoyer \u00e0 nouveau les documents n\u00e9cessaires.<\/strong><\/span><\/li>\n<\/ul>","protected":false},"excerpt":{"rendered":"<p>&nbsp; Voici le mobilier type des chambres : &nbsp; CHAMBRESLes 35 chambres sont individuelles et font l\u2019objet d\u2019un service de nettoyage et blanchisserie pour les essuie-mains, serviettes de bain et les draps de lits. Surface : ~ de 8 \u00e0 17 m2 Meubl\u00e9e WIFI Lavabo individuel Salles de bain et WC partag\u00e9s par \u00e9tage et&hellip; <br \/> <a class=\"read-more\" href=\"https:\/\/lecuc.ch\/index.php\/chambre-type\/\">Lire la suite<\/a><\/p>\n","protected":false},"author":1,"featured_media":0,"parent":0,"menu_order":0,"comment_status":"closed","ping_status":"closed","template":"","meta":{"ngg_post_thumbnail":0,"footnotes":""},"class_list":["post-175","page","type-page","status-publish","hentry"],"_links":{"self":[{"href":"https:\/\/lecuc.ch\/index.php\/wp-json\/wp\/v2\/pages\/175","targetHints":{"allow":["GET"]}}],"collection":[{"href":"https:\/\/lecuc.ch\/index.php\/wp-json\/wp\/v2\/pages"}],"about":[{"href":"https:\/\/lecuc.ch\/index.php\/wp-json\/wp\/v2\/types\/page"}],"author":[{"embeddable":true,"href":"https:\/\/lecuc.ch\/index.php\/wp-json\/wp\/v2\/users\/1"}],"replies":[{"embeddable":true,"href":"https:\/\/lecuc.ch\/index.php\/wp-json\/wp\/v2\/comments?post=175"}],"version-history":[{"count":60,"href":"https:\/\/lecuc.ch\/index.php\/wp-json\/wp\/v2\/pages\/175\/revisions"}],"predecessor-version":[{"id":1202,"href":"https:\/\/lecuc.ch\/index.php\/wp-json\/wp\/v2\/pages\/175\/revisions\/1202"}],"wp:attachment":[{"href":"https:\/\/lecuc.ch\/index.php\/wp-json\/wp\/v2\/media?parent=175"}],"curies":[{"name":"wp","href":"https:\/\/api.w.org\/{rel}","templated":true}]}}

ngg_shortcode_0_placeholder


<p>&nbsp;</p>
<p><span style="color: #000000;">Voici le mobilier type des chambres :</span></p>
<p><span style="color: #000000;"><img loading="lazy" decoding="async" class="wp-image-192 alignleft" src=" http://lecuc.ch/v4/ wp-content/uploads/2018/12/bureau-1-e1544648654373-300x179.jpg" alt="" width="218" height="130" srcset="https://lecuc.ch/v4/wp-content/uploads/2018/12/bureau-1-e1544648654373-300x179.jpg 300w, https://lecuc.ch/v4/wp-content/uploads/2018/12/bureau-1-e1544648654373.jpg 567w" sizes="auto, (max-width: 218px) 100vw, 218px" /><img loading="lazy" decoding="async" class=" wp-image-181 alignleft" src=" http://lecuc.ch/v4/ wp-content/uploads/2018/12/chaise-300x200.jpg" alt="" width="239" height="159" srcset="https://lecuc.ch/v4/wp-content/uploads/2018/12/chaise-300x200.jpg 300w, https://lecuc.ch/v4/wp-content/uploads/2018/12/chaise-768x512.jpg 768w, https://lecuc.ch/v4/wp-content/uploads/2018/12/chaise.jpg 900w" sizes="auto, (max-width: 239px) 100vw, 239px" /></span></p>
<p><span style="color: #000000;"><img loading="lazy" decoding="async" class="alignnone wp-image-1036 size-full" src="https://an8lhbcero.preview.infomaniak.website/wp-content/uploads/2024/02/etagere.png" alt="" width="225" height="134"><img loading="lazy" decoding="async" class="alignnone  wp-image-177" src=" http://lecuc.ch/v4/ wp-content/uploads/2018/12/lit-300x200.jpg" alt="" width="231" height="154" srcset="https://lecuc.ch/v4/wp-content/uploads/2018/12/lit-300x200.jpg 300w, https://lecuc.ch/v4/wp-content/uploads/2018/12/lit-768x512.jpg 768w, https://lecuc.ch/v4/wp-content/uploads/2018/12/lit.jpg 900w" sizes="auto, (max-width: 231px) 100vw, 231px" /></span></p>
<p style="text-align: left;">&nbsp;</p>
<p><span style="color: #000000;"><br><img loading="lazy" decoding="async" class=" wp-image-180 alignleft" src=" http://lecuc.ch/v4/ wp-content/uploads/2018/12/poubelle-300x200.jpg" alt="" width="263" height="175" srcset="https://lecuc.ch/v4/wp-content/uploads/2018/12/poubelle-300x200.jpg 300w, https://lecuc.ch/v4/wp-content/uploads/2018/12/poubelle-768x512.jpg 768w, https://lecuc.ch/v4/wp-content/uploads/2018/12/poubelle.jpg 900w" sizes="auto, (max-width: 263px) 100vw, 263px" /><img loading="lazy" decoding="async" class="wp-image-534 alignleft" src=" http://lecuc.ch/v4/ wp-content/uploads/2020/11/frigo_chambre-300x300.jpg" alt="" width="198" height="198" srcset="https://lecuc.ch/v4/wp-content/uploads/2020/11/frigo_chambre-300x300.jpg 300w, https://lecuc.ch/v4/wp-content/uploads/2020/11/frigo_chambre-1024x1024.jpg 1024w, https://lecuc.ch/v4/wp-content/uploads/2020/11/frigo_chambre-150x150.jpg 150w, https://lecuc.ch/v4/wp-content/uploads/2020/11/frigo_chambre-768x768.jpg 768w, https://lecuc.ch/v4/wp-content/uploads/2020/11/frigo_chambre-1536x1536.jpg 1536w, https://lecuc.ch/v4/wp-content/uploads/2020/11/frigo_chambre-1080x1080.jpg 1080w, https://lecuc.ch/v4/wp-content/uploads/2020/11/frigo_chambre.jpg 1600w" sizes="auto, (max-width: 198px) 100vw, 198px" /> <img loading="lazy" decoding="async" class="alignnone  wp-image-179" src=" http://lecuc.ch/v4/ wp-content/uploads/2018/12/lampe-300x200.jpg" alt="" width="314" height="209" srcset="https://lecuc.ch/v4/wp-content/uploads/2018/12/lampe-300x200.jpg 300w, https://lecuc.ch/v4/wp-content/uploads/2018/12/lampe-768x512.jpg 768w, https://lecuc.ch/v4/wp-content/uploads/2018/12/lampe.jpg 900w" sizes="auto, (max-width: 314px) 100vw, 314px" /> <img loading="lazy" decoding="async" class="alignnone size-medium wp-image-186" src=" http://lecuc.ch/v4/ wp-content/uploads/2018/12/chambretypesupp-200x300.jpg" alt="" width="200" height="300" srcset="https://lecuc.ch/v4/wp-content/uploads/2018/12/chambretypesupp-200x300.jpg 200w, https://lecuc.ch/v4/wp-content/uploads/2018/12/chambretypesupp.jpg 600w" sizes="auto, (max-width: 200px) 100vw, 200px" /> <img loading="lazy" decoding="async" class="size-medium wp-image-184 alignleft" src=" http://lecuc.ch/v4/ wp-content/uploads/2018/12/crochet-300x200.jpg" alt="" width="300" height="200" srcset="https://lecuc.ch/v4/wp-content/uploads/2018/12/crochet-300x200.jpg 300w, https://lecuc.ch/v4/wp-content/uploads/2018/12/crochet-768x512.jpg 768w, https://lecuc.ch/v4/wp-content/uploads/2018/12/crochet.jpg 900w" sizes="auto, (max-width: 300px) 100vw, 300px" /> </span></p>
<p><span style="color: #000000;"><img loading="lazy" decoding="async" class="alignnone  wp-image-178" src=" http://lecuc.ch/v4/ wp-content/uploads/2018/12/cable-300x200.jpg" alt="" width="320" height="213" srcset="https://lecuc.ch/v4/wp-content/uploads/2018/12/cable-300x200.jpg 300w, https://lecuc.ch/v4/wp-content/uploads/2018/12/cable-768x512.jpg 768w, https://lecuc.ch/v4/wp-content/uploads/2018/12/cable.jpg 900w" sizes="auto, (max-width: 320px) 100vw, 320px" /></span></p>
<p><span style="color: #000000;"><strong>CHAMBRES</strong></span><br><span style="color: #000000;">Les 35 chambres sont individuelles et font l’objet d’un service de nettoyage et blanchisserie pour les essuie-mains, serviettes de bain et les draps de lits.</span></p>
<ul>
<li><span style="color: #000000;">Surface : ~ de 8 à 17 m2</span></li>
<li><span style="color: #000000;">Meublée</span></li>
<li><span style="color: #000000;">WIFI</span></li>
<li><span style="color: #000000;">Lavabo individuel</span></li>
<li><span style="color: #000000;">Salles de bain et WC partagés par étage et nettoyés régulièrement</span></li>
<li><span style="color: #000000;">Cuisine commune</span></li>
<li><span style="color: #000000;">Parc à vélo extérieur</span></li>
<li><span style="color: #000000;">Petit frigo dans chaque chambre</span></li>
</ul>
<p><span style="color: #000000;"><strong>TARIFS</strong></span></p>
<ul>
<li><span style="color: #000000;">Les loyers (avec charges) de toutes les chambres se situent entre 525 CHF et 635 CHF. Ces montants ne prennent pas en compte la taxe de séjour de 37 CHF/mois (exonération possible pour les étudiants bénéficiaires d&rsquo;une bourse d&rsquo;études ou qui exercent une activité lucrative accessoire)&nbsp;</span></li>
<li><span style="color: #000000;">Garantie de loyer: 3 fois le loyer net ou une caution de 100 CHF par année approximativement (Swisscaution/Firstcaution)&nbsp;</span></li>
<li><span style="color: #000000;">Bail minimum 1 an. Possibilité de renouveler jusqu’à 4 ans maximum.&nbsp;<strong>ATTENTION : les inscriptions ne sont pas systématiquement reconduites d’une année à l’autre. Pour une nouvelle année universitaire au sein du foyer, vous devrez donc refaire une demande et envoyer à nouveau les documents nécessaires.</strong></span></li>
</ul>

<p>&nbsp; Voici le mobilier type des chambres : &nbsp; CHAMBRESLes 35 chambres sont individuelles et font l’objet d’un service de nettoyage et blanchisserie pour les essuie-mains, serviettes de bain et les draps de lits. Surface : ~ de 8 à 17 m2 Meublée WIFI Lavabo individuel Salles de bain et WC partagés par étage et&hellip; <br /> <a class="read-more" href="https://lecuc.ch/index.php/chambre-type/">Lire la suite</a></p>
