{"id":62,"date":"2018-12-06T20:20:52","date_gmt":"2018-12-06T20:20:52","guid":{"rendered":" http:\/\/lecuc.ch\/v4\/?page_id=62"},"modified":"2024-03-25T17:33:46","modified_gmt":"2024-03-25T17:33:46","slug":"organigramme","status":"publish","type":"page","link":"https:\/\/lecuc.ch\/index.php\/organigramme\/","title":{"rendered":"Organigramme"},"content":{"rendered":"\n<div class=\"wp-block-columns are-vertically-aligned-center is-not-stacked-on-mobile cuc-organisation-cln is-layout-flex wp-container-core-columns-is-layout-8f761849 wp-block-columns-is-layout-flex\">\n<div class=\"wp-block-column is-vertically-aligned-center is-layout-flow wp-block-column-is-layout-flow\" style=\"flex-basis:50%\"><div class=\"wp-block-image\">\n<figure class=\"alignright size-medium\"><img loading=\"lazy\" decoding=\"async\" width=\"300\" height=\"300\" src=\"https:\/\/an8lhbcero.preview.infomaniak.website\/wp-content\/uploads\/2023\/11\/GR_181109_Organisation-2-300x300.png\" alt=\"\" class=\"wp-image-943\" srcset=\"https:\/\/lecuc.ch\/v4\/wp-content\/uploads\/2023\/11\/GR_181109_Organisation-2-300x300.png 300w, https:\/\/lecuc.ch\/v4\/wp-content\/uploads\/2023\/11\/GR_181109_Organisation-2-150x150.png 150w, https:\/\/lecuc.ch\/v4\/wp-content\/uploads\/2023\/11\/GR_181109_Organisation-2.png 600w\" sizes=\"auto, (max-width: 300px) 100vw, 300px\" \/><\/figure>\n<\/div><\/div>\n\n\n\n<div class=\"wp-block-column is-vertically-aligned-center is-layout-flow wp-block-column-is-layout-flow\" style=\"flex-basis:50%\">\n<p class=\"has-black-color has-text-color has-link-color wp-elements-1 wp-block-paragraph\"><strong>\u00c9tudiantes et \u00c9tudiants<\/strong><\/p>\n\n\n\n<p class=\"has-black-color has-text-color has-link-color wp-elements-2 wp-block-paragraph\">R\u00e8gles de vie<\/p>\n\n\n\n<p class=\"has-black-color has-text-color has-link-color wp-elements-3 wp-block-paragraph\">Entretien et respect des lieux<\/p>\n<\/div>\n<\/div>\n\n\n\n<div class=\"wp-block-columns cuc-organisation-cln is-layout-flex wp-container-core-columns-is-layout-8f761849 wp-block-columns-is-layout-flex\">\n<div class=\"wp-block-column is-layout-flow wp-block-column-is-layout-flow\">\n<div class=\"wp-block-columns is-not-stacked-on-mobile is-layout-flex wp-container-core-columns-is-layout-8f761849 wp-block-columns-is-layout-flex\">\n<div class=\"wp-block-column is-layout-flow wp-block-column-is-layout-flow\">\n<figure class=\"wp-block-image size-full\"><img loading=\"lazy\" decoding=\"async\" width=\"600\" height=\"600\" src=\"https:\/\/an8lhbcero.preview.infomaniak.website\/wp-content\/uploads\/2023\/11\/GR_181109_Organisation-1.png\" alt=\"\" class=\"wp-image-934\" srcset=\"https:\/\/lecuc.ch\/v4\/wp-content\/uploads\/2023\/11\/GR_181109_Organisation-1.png 600w, https:\/\/lecuc.ch\/v4\/wp-content\/uploads\/2023\/11\/GR_181109_Organisation-1-300x300.png 300w, https:\/\/lecuc.ch\/v4\/wp-content\/uploads\/2023\/11\/GR_181109_Organisation-1-150x150.png 150w\" sizes=\"auto, (max-width: 600px) 100vw, 600px\" \/><\/figure>\n\n\n\n<p class=\"has-black-color has-text-color has-link-color wp-elements-4 wp-block-paragraph\"><strong>Urgence<\/strong><\/p>\n\n\n\n<p class=\"has-black-color has-text-color has-link-color wp-elements-5 wp-block-paragraph\">Mme Matias, Concierge <br>079 355 44 27<\/p>\n\n\n\n<p class=\"has-black-color has-text-color has-link-color wp-elements-6 wp-block-paragraph\">M. Russo, Intendance <br>076 778 91 50<\/p>\n\n\n\n<ul class=\"has-black-color has-text-color has-link-color wp-block-list wp-elements-7\">\n<li>Police : 117<\/li>\n\n\n\n<li>Feu : 118<\/li>\n\n\n\n<li>M\u00e9dical : 144<\/li>\n<\/ul>\n<\/div>\n\n\n\n<div class=\"wp-block-column is-layout-flow wp-block-column-is-layout-flow\">\n<figure class=\"wp-block-image size-full\"><img loading=\"lazy\" decoding=\"async\" width=\"600\" height=\"600\" src=\"https:\/\/an8lhbcero.preview.infomaniak.website\/wp-content\/uploads\/2023\/11\/GR_181109_Organisation-4.png\" alt=\"\" class=\"wp-image-935\" srcset=\"https:\/\/lecuc.ch\/v4\/wp-content\/uploads\/2023\/11\/GR_181109_Organisation-4.png 600w, https:\/\/lecuc.ch\/v4\/wp-content\/uploads\/2023\/11\/GR_181109_Organisation-4-300x300.png 300w, https:\/\/lecuc.ch\/v4\/wp-content\/uploads\/2023\/11\/GR_181109_Organisation-4-150x150.png 150w\" sizes=\"auto, (max-width: 600px) 100vw, 600px\" \/><\/figure>\n\n\n\n<p class=\"has-black-color has-text-color has-link-color wp-elements-8 wp-block-paragraph\"><strong>Administration, g\u00e9rance, paiements des loyers<\/strong><\/p>\n\n\n\n<p class=\"has-black-color has-text-color has-link-color wp-elements-9 wp-block-paragraph\">Golay Immobilier SA<\/p>\n\n\n\n<p class=\"has-black-color has-text-color has-link-color wp-elements-10 wp-block-paragraph\">021 341 0101<\/p>\n\n\n\n<p class=\"has-black-color has-text-color has-link-color wp-elements-11 wp-block-paragraph\">location@golay-immobilier.ch<\/p>\n<\/div>\n<\/div>\n<\/div>\n\n\n\n<div class=\"wp-block-column is-layout-flow wp-block-column-is-layout-flow\">\n<div class=\"wp-block-columns is-not-stacked-on-mobile is-layout-flex wp-container-core-columns-is-layout-8f761849 wp-block-columns-is-layout-flex\">\n<div class=\"wp-block-column is-layout-flow wp-block-column-is-layout-flow\">\n<figure class=\"wp-block-image size-full\"><img loading=\"lazy\" decoding=\"async\" width=\"600\" height=\"600\" src=\"https:\/\/an8lhbcero.preview.infomaniak.website\/wp-content\/uploads\/2023\/11\/GR_181109_Organisation-5.png\" alt=\"\" class=\"wp-image-936\" srcset=\"https:\/\/lecuc.ch\/v4\/wp-content\/uploads\/2023\/11\/GR_181109_Organisation-5.png 600w, https:\/\/lecuc.ch\/v4\/wp-content\/uploads\/2023\/11\/GR_181109_Organisation-5-300x300.png 300w, https:\/\/lecuc.ch\/v4\/wp-content\/uploads\/2023\/11\/GR_181109_Organisation-5-150x150.png 150w\" sizes=\"auto, (max-width: 600px) 100vw, 600px\" \/><\/figure>\n\n\n\n<p class=\"has-black-color has-text-color has-link-color wp-elements-12 wp-block-paragraph\"><strong>Am\u00e9liorations du foyer<\/strong><\/p>\n\n\n\n<p class=\"has-black-color has-text-color has-link-color wp-elements-13 wp-block-paragraph\">Discussions des repr\u00e9sentants des \u00e9tudiants avec le comit\u00e9 de l&rsquo;association du CUC<\/p>\n<\/div>\n\n\n\n<div class=\"wp-block-column is-layout-flow wp-block-column-is-layout-flow\">\n<figure class=\"wp-block-image size-full\"><img loading=\"lazy\" decoding=\"async\" width=\"600\" height=\"600\" src=\"https:\/\/an8lhbcero.preview.infomaniak.website\/wp-content\/uploads\/2023\/11\/GR_181109_Organisation-3.png\" alt=\"\" class=\"wp-image-937\" srcset=\"https:\/\/lecuc.ch\/v4\/wp-content\/uploads\/2023\/11\/GR_181109_Organisation-3.png 600w, https:\/\/lecuc.ch\/v4\/wp-content\/uploads\/2023\/11\/GR_181109_Organisation-3-300x300.png 300w, https:\/\/lecuc.ch\/v4\/wp-content\/uploads\/2023\/11\/GR_181109_Organisation-3-150x150.png 150w\" sizes=\"auto, (max-width: 600px) 100vw, 600px\" \/><\/figure>\n\n\n\n<p class=\"has-black-color has-text-color has-link-color wp-elements-14 wp-block-paragraph\"><strong>Animation et vie en commune<\/strong><\/p>\n\n\n\n<p class=\"has-black-color has-text-color has-link-color wp-elements-15 wp-block-paragraph\">Comit\u00e9 de l&rsquo;association du CUC<\/p>\n\n\n\n<p class=\"has-black-color has-text-color has-link-color wp-elements-16 wp-block-paragraph\">Animateurs &#8211; aum\u00f4niers<\/p>\n\n\n\n<p class=\"has-black-color has-text-color has-link-color wp-elements-17 wp-block-paragraph\"><strong>Messes<\/strong><\/p>\n\n\n\n<p class=\"has-black-color has-text-color has-link-color wp-elements-18 wp-block-paragraph\">Giovanni Polito<\/p>\n<\/div>\n<\/div>\n<\/div>\n<\/div>\n\n\n\n<div style=\"height:120px\" aria-hidden=\"true\" class=\"wp-block-spacer\"><\/div>\n","protected":false},"excerpt":{"rendered":"<p>\u00c9tudiantes et \u00c9tudiants R\u00e8gles de vie Entretien et respect des lieux Urgence Mme Matias, Concierge 079 355 44 27 M. Russo, Intendance 076 778 91 50 Administration, g\u00e9rance, paiements des loyers Golay Immobilier SA 021 341 0101 location@golay-immobilier.ch Am\u00e9liorations du foyer Discussions des repr\u00e9sentants des \u00e9tudiants avec le comit\u00e9 de l&rsquo;association du CUC Animation et&hellip; <br \/> <a class=\"read-more\" href=\"https:\/\/lecuc.ch\/index.php\/organigramme\/\">Lire la suite<\/a><\/p>\n","protected":false},"author":1,"featured_media":0,"parent":0,"menu_order":0,"comment_status":"closed","ping_status":"closed","template":"","meta":{"ngg_post_thumbnail":0,"footnotes":""},"class_list":["post-62","page","type-page","status-publish","hentry"],"_links":{"self":[{"href":"https:\/\/lecuc.ch\/index.php\/wp-json\/wp\/v2\/pages\/62","targetHints":{"allow":["GET"]}}],"collection":[{"href":"https:\/\/lecuc.ch\/index.php\/wp-json\/wp\/v2\/pages"}],"about":[{"href":"https:\/\/lecuc.ch\/index.php\/wp-json\/wp\/v2\/types\/page"}],"author":[{"embeddable":true,"href":"https:\/\/lecuc.ch\/index.php\/wp-json\/wp\/v2\/users\/1"}],"replies":[{"embeddable":true,"href":"https:\/\/lecuc.ch\/index.php\/wp-json\/wp\/v2\/comments?post=62"}],"version-history":[{"count":37,"href":"https:\/\/lecuc.ch\/index.php\/wp-json\/wp\/v2\/pages\/62\/revisions"}],"predecessor-version":[{"id":1061,"href":"https:\/\/lecuc.ch\/index.php\/wp-json\/wp\/v2\/pages\/62\/revisions\/1061"}],"wp:attachment":[{"href":"https:\/\/lecuc.ch\/index.php\/wp-json\/wp\/v2\/media?parent=62"}],"curies":[{"name":"wp","href":"https:\/\/api.w.org\/{rel}","templated":true}]}}

<div class="wp-block-columns are-vertically-aligned-center is-not-stacked-on-mobile cuc-organisation-cln is-layout-flex wp-container-core-columns-is-layout-8f761849 wp-block-columns-is-layout-flex">
<div class="wp-block-column is-vertically-aligned-center is-layout-flow wp-block-column-is-layout-flow" style="flex-basis:50%"><div class="wp-block-image">
<figure class="alignright size-medium"><img loading="lazy" decoding="async" width="300" height="300" src="https://an8lhbcero.preview.infomaniak.website/wp-content/uploads/2023/11/GR_181109_Organisation-2-300x300.png" alt="" class="wp-image-943" srcset="https://lecuc.ch/v4/wp-content/uploads/2023/11/GR_181109_Organisation-2-300x300.png 300w, https://lecuc.ch/v4/wp-content/uploads/2023/11/GR_181109_Organisation-2-150x150.png 150w, https://lecuc.ch/v4/wp-content/uploads/2023/11/GR_181109_Organisation-2.png 600w" sizes="auto, (max-width: 300px) 100vw, 300px" /></figure>
</div></div>



<div class="wp-block-column is-vertically-aligned-center is-layout-flow wp-block-column-is-layout-flow" style="flex-basis:50%">
<p class="has-black-color has-text-color has-link-color wp-elements-1 wp-block-paragraph"><strong>Étudiantes et Étudiants</strong></p>



<p class="has-black-color has-text-color has-link-color wp-elements-2 wp-block-paragraph">Règles de vie</p>



<p class="has-black-color has-text-color has-link-color wp-elements-3 wp-block-paragraph">Entretien et respect des lieux</p>
</div>
</div>



<div class="wp-block-columns cuc-organisation-cln is-layout-flex wp-container-core-columns-is-layout-8f761849 wp-block-columns-is-layout-flex">
<div class="wp-block-column is-layout-flow wp-block-column-is-layout-flow">
<div class="wp-block-columns is-not-stacked-on-mobile is-layout-flex wp-container-core-columns-is-layout-8f761849 wp-block-columns-is-layout-flex">
<div class="wp-block-column is-layout-flow wp-block-column-is-layout-flow">
<figure class="wp-block-image size-full"><img loading="lazy" decoding="async" width="600" height="600" src="https://an8lhbcero.preview.infomaniak.website/wp-content/uploads/2023/11/GR_181109_Organisation-1.png" alt="" class="wp-image-934" srcset="https://lecuc.ch/v4/wp-content/uploads/2023/11/GR_181109_Organisation-1.png 600w, https://lecuc.ch/v4/wp-content/uploads/2023/11/GR_181109_Organisation-1-300x300.png 300w, https://lecuc.ch/v4/wp-content/uploads/2023/11/GR_181109_Organisation-1-150x150.png 150w" sizes="auto, (max-width: 600px) 100vw, 600px" /></figure>



<p class="has-black-color has-text-color has-link-color wp-elements-4 wp-block-paragraph"><strong>Urgence</strong></p>



<p class="has-black-color has-text-color has-link-color wp-elements-5 wp-block-paragraph">Mme Matias, Concierge <br>079 355 44 27</p>



<p class="has-black-color has-text-color has-link-color wp-elements-6 wp-block-paragraph">M. Russo, Intendance <br>076 778 91 50</p>



<ul class="has-black-color has-text-color has-link-color wp-block-list wp-elements-7">
<li>Police : 117</li>



<li>Feu : 118</li>



<li>Médical : 144</li>
</ul>
</div>



<div class="wp-block-column is-layout-flow wp-block-column-is-layout-flow">
<figure class="wp-block-image size-full"><img loading="lazy" decoding="async" width="600" height="600" src="https://an8lhbcero.preview.infomaniak.website/wp-content/uploads/2023/11/GR_181109_Organisation-4.png" alt="" class="wp-image-935" srcset="https://lecuc.ch/v4/wp-content/uploads/2023/11/GR_181109_Organisation-4.png 600w, https://lecuc.ch/v4/wp-content/uploads/2023/11/GR_181109_Organisation-4-300x300.png 300w, https://lecuc.ch/v4/wp-content/uploads/2023/11/GR_181109_Organisation-4-150x150.png 150w" sizes="auto, (max-width: 600px) 100vw, 600px" /></figure>



<p class="has-black-color has-text-color has-link-color wp-elements-8 wp-block-paragraph"><strong>Administration, gérance, paiements des loyers</strong></p>



<p class="has-black-color has-text-color has-link-color wp-elements-9 wp-block-paragraph">Golay Immobilier SA</p>



<p class="has-black-color has-text-color has-link-color wp-elements-10 wp-block-paragraph">021 341 0101</p>



<p class="has-black-color has-text-color has-link-color wp-elements-11 wp-block-paragraph">location@golay-immobilier.ch</p>
</div>
</div>
</div>



<div class="wp-block-column is-layout-flow wp-block-column-is-layout-flow">
<div class="wp-block-columns is-not-stacked-on-mobile is-layout-flex wp-container-core-columns-is-layout-8f761849 wp-block-columns-is-layout-flex">
<div class="wp-block-column is-layout-flow wp-block-column-is-layout-flow">
<figure class="wp-block-image size-full"><img loading="lazy" decoding="async" width="600" height="600" src="https://an8lhbcero.preview.infomaniak.website/wp-content/uploads/2023/11/GR_181109_Organisation-5.png" alt="" class="wp-image-936" srcset="https://lecuc.ch/v4/wp-content/uploads/2023/11/GR_181109_Organisation-5.png 600w, https://lecuc.ch/v4/wp-content/uploads/2023/11/GR_181109_Organisation-5-300x300.png 300w, https://lecuc.ch/v4/wp-content/uploads/2023/11/GR_181109_Organisation-5-150x150.png 150w" sizes="auto, (max-width: 600px) 100vw, 600px" /></figure>



<p class="has-black-color has-text-color has-link-color wp-elements-12 wp-block-paragraph"><strong>Améliorations du foyer</strong></p>



<p class="has-black-color has-text-color has-link-color wp-elements-13 wp-block-paragraph">Discussions des représentants des étudiants avec le comité de l&rsquo;association du CUC</p>
</div>



<div class="wp-block-column is-layout-flow wp-block-column-is-layout-flow">
<figure class="wp-block-image size-full"><img loading="lazy" decoding="async" width="600" height="600" src="https://an8lhbcero.preview.infomaniak.website/wp-content/uploads/2023/11/GR_181109_Organisation-3.png" alt="" class="wp-image-937" srcset="https://lecuc.ch/v4/wp-content/uploads/2023/11/GR_181109_Organisation-3.png 600w, https://lecuc.ch/v4/wp-content/uploads/2023/11/GR_181109_Organisation-3-300x300.png 300w, https://lecuc.ch/v4/wp-content/uploads/2023/11/GR_181109_Organisation-3-150x150.png 150w" sizes="auto, (max-width: 600px) 100vw, 600px" /></figure>



<p class="has-black-color has-text-color has-link-color wp-elements-14 wp-block-paragraph"><strong>Animation et vie en commune</strong></p>



<p class="has-black-color has-text-color has-link-color wp-elements-15 wp-block-paragraph">Comité de l&rsquo;association du CUC</p>



<p class="has-black-color has-text-color has-link-color wp-elements-16 wp-block-paragraph">Animateurs &#8211; aumôniers</p>



<p class="has-black-color has-text-color has-link-color wp-elements-17 wp-block-paragraph"><strong>Messes</strong></p>



<p class="has-black-color has-text-color has-link-color wp-elements-18 wp-block-paragraph">Giovanni Polito</p>
</div>
</div>
</div>
</div>



<div style="height:120px" aria-hidden="true" class="wp-block-spacer"></div>

<p>Étudiantes et Étudiants Règles de vie Entretien et respect des lieux Urgence Mme Matias, Concierge 079 355 44 27 M. Russo, Intendance 076 778 91 50 Administration, gérance, paiements des loyers Golay Immobilier SA 021 341 0101 location@golay-immobilier.ch Améliorations du foyer Discussions des représentants des étudiants avec le comité de l&rsquo;association du CUC Animation et&hellip; <br /> <a class="read-more" href="https://lecuc.ch/index.php/organigramme/">Lire la suite</a></p>
