{"id":89,"date":"2018-12-06T21:52:57","date_gmt":"2018-12-06T21:52:57","guid":{"rendered":"http:\/\/lecuc.ch\/v4\/?page_id=89"},"modified":"2026-08-30T15:12:52","modified_gmt":"2026-08-30T15:12:52","slug":"association","status":"publish","type":"page","link":"https:\/\/lecuc.ch\/index.php\/association\/","title":{"rendered":"Association"},"content":{"rendered":"<p><span style=\"color: #000000;\"><strong>Un peu d\u2019histoire\u2026<\/strong><\/span><br \/>\n<span style=\"color: #000000;\">Le b\u00e2timent des num\u00e9ros 29 et 31 du boulevard de Grancy, qui abrite le Centre Universitaire Catholique de Lausanne, a vu le jour en 1962. Nombreux sont donc celles et ceux qui ont habit\u00e9 cette maison ou l\u2019ont fr\u00e9quent\u00e9e de mani\u00e8re r\u00e9guli\u00e8re durant leurs \u00e9tudes, profitant ainsi de l\u2019extraordinaire richesse que repr\u00e9sente ce lieu de vie au c\u0153ur de la ville de Lausanne.<\/span><\/p>\n<p style=\"text-align: left;\"><span style=\"color: #000000;\">L\u2019<strong>association CUC<\/strong> a quant \u00e0 elle \u00e9t\u00e9 fond\u00e9e quelques ann\u00e9es plus tard, le 26 mars 1969, par des bienfaiteurs de la ville de Lausanne, dans le but \u00ab de procurer une assistance spirituelle et mat\u00e9rielle aux \u00e9tudiants suivant un enseignement dans le Canton de Vaud \u00bb, selon ses statuts. De mani\u00e8re concr\u00e8te, l\u2019association CUC apporte son soutien aux aum\u00f4niers et aux \u00e9tudiants, qu\u2019il s\u2019agisse de questions concernant la gestion du foyer, la pastorale universitaire, ou encore d\u2019autres activit\u00e9s plus r\u00e9cr\u00e9atives organis\u00e9es pour et\/ou par les \u00e9tudiants.<\/span><\/p>\n<p>&nbsp;<\/p>\n<p><img loading=\"lazy\" decoding=\"async\" class=\"size-medium wp-image-1219 aligncenter\" src=\"https:\/\/lecuc.ch\/v4\/wp-content\/uploads\/2026\/08\/comite-300x225.jpg\" alt=\"\" width=\"300\" height=\"225\" srcset=\"https:\/\/lecuc.ch\/v4\/wp-content\/uploads\/2026\/08\/comite-300x225.jpg 300w, https:\/\/lecuc.ch\/v4\/wp-content\/uploads\/2026\/08\/comite-1024x768.jpg 1024w, https:\/\/lecuc.ch\/v4\/wp-content\/uploads\/2026\/08\/comite-768x576.jpg 768w, https:\/\/lecuc.ch\/v4\/wp-content\/uploads\/2026\/08\/comite-1536x1152.jpg 1536w, https:\/\/lecuc.ch\/v4\/wp-content\/uploads\/2026\/08\/comite-1440x1080.jpg 1440w, https:\/\/lecuc.ch\/v4\/wp-content\/uploads\/2026\/08\/comite.jpg 1600w\" sizes=\"auto, (max-width: 300px) 100vw, 300px\" \/><\/p>\n<p style=\"text-align: left;\"><span style=\"color: #000000;\">L\u2019association CUC g\u00e8re \u00e9galement une&nbsp;<strong>bourse aux \u00e9tudiants<\/strong>, qui permet de soutenir financi\u00e8rement des \u00e9tudiants traversant une phase difficile au cours de leurs \u00e9tudes. Etant donn\u00e9 nos moyens limit\u00e9s, nous concentrons nos efforts sur des actions de type ponctuel, comme par exemple: paiement de frais de dentiste ou r\u00e9duction de loyer. Si vous d\u00e9sirez soutenir notre action, nous vous en serons tr\u00e8s reconnaissants, ainsi que les \u00e9tudiants du CUC, bien s\u00fbr!<\/span><\/p>\n<p style=\"text-align: left;\"><span style=\"color: #000000;\"><strong>Devenez membre!<\/strong><\/span><\/p>\n<p style=\"text-align: left;\"><span style=\"color: #000000;\">Vous avez habit\u00e9 au CUC il y a bien des ann\u00e9es de cela, ou m\u00eame tout r\u00e9cemment? Vous y passiez r\u00e9guli\u00e8rement? Plein de bons souvenirs refont surface \u00e0 l\u2019\u00e9vocation de cette maison? Quelle que soit la raison qui vous lie \u00e0 ce foyer, vous \u00eates les bienvenus pour faire partie de notre association! Vous recevrez par courrier des informations r\u00e9guli\u00e8res sur le foyer, ainsi que sur les activit\u00e9s qui s\u2019y d\u00e9roulent.<\/span><\/p>\n<p style=\"text-align: left;\"><span style=\"color: #000000;\">Afin de devenir membre, veuillez envoyer un e-mail \u00e0: <a style=\"color: #000000;\" href=\"mailto:info@lecuc.ch\">info@lecuc.ch<\/a> puis faire parvenir votre cotisation annuelle (IBAN: CH20 0900 0000 1001 1348 6) qui s&rsquo;\u00e9l\u00e8ve \u00e0 80 CHF si vous \u00eates en couple ou 60 CHF dans le cas contraire.<\/span><\/p>\n","protected":false},"excerpt":{"rendered":"<p>Un peu d\u2019histoire\u2026 Le b\u00e2timent des num\u00e9ros 29 et 31 du boulevard de Grancy, qui abrite le Centre Universitaire Catholique de Lausanne, a vu le jour en 1962. Nombreux sont donc celles et ceux qui ont habit\u00e9 cette maison ou l\u2019ont fr\u00e9quent\u00e9e de mani\u00e8re r\u00e9guli\u00e8re durant leurs \u00e9tudes, profitant ainsi de l\u2019extraordinaire richesse que repr\u00e9sente&hellip; <br \/> <a class=\"read-more\" href=\"https:\/\/lecuc.ch\/index.php\/association\/\">Lire la suite<\/a><\/p>\n","protected":false},"author":1,"featured_media":0,"parent":0,"menu_order":0,"comment_status":"closed","ping_status":"closed","template":"","meta":{"ngg_post_thumbnail":0,"footnotes":""},"class_list":["post-89","page","type-page","status-publish","hentry"],"_links":{"self":[{"href":"https:\/\/lecuc.ch\/index.php\/wp-json\/wp\/v2\/pages\/89","targetHints":{"allow":["GET"]}}],"collection":[{"href":"https:\/\/lecuc.ch\/index.php\/wp-json\/wp\/v2\/pages"}],"about":[{"href":"https:\/\/lecuc.ch\/index.php\/wp-json\/wp\/v2\/types\/page"}],"author":[{"embeddable":true,"href":"https:\/\/lecuc.ch\/index.php\/wp-json\/wp\/v2\/users\/1"}],"replies":[{"embeddable":true,"href":"https:\/\/lecuc.ch\/index.php\/wp-json\/wp\/v2\/comments?post=89"}],"version-history":[{"count":19,"href":"https:\/\/lecuc.ch\/index.php\/wp-json\/wp\/v2\/pages\/89\/revisions"}],"predecessor-version":[{"id":1221,"href":"https:\/\/lecuc.ch\/index.php\/wp-json\/wp\/v2\/pages\/89\/revisions\/1221"}],"wp:attachment":[{"href":"https:\/\/lecuc.ch\/index.php\/wp-json\/wp\/v2\/media?parent=89"}],"curies":[{"name":"wp","href":"https:\/\/api.w.org\/{rel}","templated":true}]}}

<p><span style="color: #000000;"><strong>Un peu d’histoire…</strong></span><br />
<span style="color: #000000;">Le bâtiment des numéros 29 et 31 du boulevard de Grancy, qui abrite le Centre Universitaire Catholique de Lausanne, a vu le jour en 1962. Nombreux sont donc celles et ceux qui ont habité cette maison ou l’ont fréquentée de manière régulière durant leurs études, profitant ainsi de l’extraordinaire richesse que représente ce lieu de vie au cœur de la ville de Lausanne.</span></p>
<p style="text-align: left;"><span style="color: #000000;">L’<strong>association CUC</strong> a quant à elle été fondée quelques années plus tard, le 26 mars 1969, par des bienfaiteurs de la ville de Lausanne, dans le but « de procurer une assistance spirituelle et matérielle aux étudiants suivant un enseignement dans le Canton de Vaud », selon ses statuts. De manière concrète, l’association CUC apporte son soutien aux aumôniers et aux étudiants, qu’il s’agisse de questions concernant la gestion du foyer, la pastorale universitaire, ou encore d’autres activités plus récréatives organisées pour et/ou par les étudiants.</span></p>
<p>&nbsp;</p>
<p><img loading="lazy" decoding="async" class="size-medium wp-image-1219 aligncenter" src="https://lecuc.ch/v4/wp-content/uploads/2026/08/comite-300x225.jpg" alt="" width="300" height="225" srcset="https://lecuc.ch/v4/wp-content/uploads/2026/08/comite-300x225.jpg 300w, https://lecuc.ch/v4/wp-content/uploads/2026/08/comite-1024x768.jpg 1024w, https://lecuc.ch/v4/wp-content/uploads/2026/08/comite-768x576.jpg 768w, https://lecuc.ch/v4/wp-content/uploads/2026/08/comite-1536x1152.jpg 1536w, https://lecuc.ch/v4/wp-content/uploads/2026/08/comite-1440x1080.jpg 1440w, https://lecuc.ch/v4/wp-content/uploads/2026/08/comite.jpg 1600w" sizes="auto, (max-width: 300px) 100vw, 300px" /></p>
<p style="text-align: left;"><span style="color: #000000;">L’association CUC gère également une&nbsp;<strong>bourse aux étudiants</strong>, qui permet de soutenir financièrement des étudiants traversant une phase difficile au cours de leurs études. Etant donné nos moyens limités, nous concentrons nos efforts sur des actions de type ponctuel, comme par exemple: paiement de frais de dentiste ou réduction de loyer. Si vous désirez soutenir notre action, nous vous en serons très reconnaissants, ainsi que les étudiants du CUC, bien sûr!</span></p>
<p style="text-align: left;"><span style="color: #000000;"><strong>Devenez membre!</strong></span></p>
<p style="text-align: left;"><span style="color: #000000;">Vous avez habité au CUC il y a bien des années de cela, ou même tout récemment? Vous y passiez régulièrement? Plein de bons souvenirs refont surface à l’évocation de cette maison? Quelle que soit la raison qui vous lie à ce foyer, vous êtes les bienvenus pour faire partie de notre association! Vous recevrez par courrier des informations régulières sur le foyer, ainsi que sur les activités qui s’y déroulent.</span></p>
<p style="text-align: left;"><span style="color: #000000;">Afin de devenir membre, veuillez envoyer un e-mail à: <a style="color: #000000;" href="mailto:info@lecuc.ch">info@lecuc.ch</a> puis faire parvenir votre cotisation annuelle (IBAN: CH20 0900 0000 1001 1348 6) qui s&rsquo;élève à 80 CHF si vous êtes en couple ou 60 CHF dans le cas contraire.</span></p>

<p>Un peu d’histoire… Le bâtiment des numéros 29 et 31 du boulevard de Grancy, qui abrite le Centre Universitaire Catholique de Lausanne, a vu le jour en 1962. Nombreux sont donc celles et ceux qui ont habité cette maison ou l’ont fréquentée de manière régulière durant leurs études, profitant ainsi de l’extraordinaire richesse que représente&hellip; <br /> <a class="read-more" href="https://lecuc.ch/index.php/association/">Lire la suite</a></p>
